alculate the greatest common factor of 12 and 996.
12
Calculate the highest common divisor of 23 and 621.
23
What is the highest common divisor of 3434 and 303?
101
What is the highest common divisor of 799 and 188?
47
Calculate the greatest common factor of 6 and 3.
3
What is the greatest common divisor of 4025 and 25?
25
Calculate the greatest common divisor of 210 and 560.
70
What is the greatest common factor of 2061 and 9?
9
Calculate the greatest common divisor of 50 and 725.
25
What is the highest common divisor of 5707 and 13?
13
What is the highest common divisor of 292 and 388?
4
What is the highest common factor of 149 and 13?
1
Calculate the highest common factor of 246 and 196.
2
What is the greatest common divisor of 24 and 192?
24
Calculate the greatest common divisor of 81 and 459.
27
What is the greatest common divisor of 29104 and 16?
16
Calculate the highest common factor of 221 and 119.
17
Calculate the highest common divisor of 1024 and 48.
16
What is the greatest common divisor of 45 and 1080?
45
Calculate the greatest common divisor of 208 and 26.
26
What is the highest common factor of 8217 and 83?
83
What is the highest common divisor of 320 and 25?
5
What is the greatest common divisor of 1125 and 45?
45
What is the highest common divisor of 29379 and 42?
21
What is the highest common divisor of 5916 and 58?
58
Calculate the highest common factor of 5 and 14.
1
What is the greatest common divisor of 17664 and 138?
138
Calculate the greatest common divisor of 1544 and 7913.
193
Calculate the highest common divisor of 18 and 531.
9
Calculate the greatest common divisor of 18 and 2358.
18
What is the greatest common factor of 2379 and 78?
39
What is the highest common divisor of 1015 and 301?
7
What is the highest common divisor of 12 and 8?
4
What is the highest common factor of 250 and 75?
25
What is the highest common divisor of 832 and 192?
64
What is the highest common divisor of 1776 and 1221?
111
Calculate the greatest common factor of 38 and 418.
38
What is the greatest common divisor of 13 and 2262?
13
Calculate the greatest common factor of 290 and 7105.
145
What is the highest common factor of 2 and 134?
2
Calculate the greatest common divisor of 9 and 435.
3
What is the highest common factor of 228 and 72?
12
What is the highest common factor of 99 and 18?
9
What is the highest common factor of 9 and 603?
9
Calculate the highest common factor of 480 and 45.
15
What is the greatest common divisor of 644 and 92?
92
What is the greatest common divisor of 3 and 6?
3
Calculate the greatest common factor of 11571 and 58.
29
What is the greatest common divisor of 330 and 60?
30
Calculate the greatest common factor of 88 and 64.
8
What is the greatest common factor of 2224 and 16?
16
What is the highest common factor of 65 and 85?
5
What is the highest common divisor of 85 and 2465?
85
Calculate the greatest common factor of 264 and 616.
88
What is the greatest common divisor of 2214 and 54?
54
Calculate the highest common divisor of 76 and 3078.
38
Calculate the greatest common factor of 3367 and 455.
91
What is the highest common factor of 406 and 14?
14
What is the greatest common factor of 3270 and 150?
30
Calculate the highest common divisor of 132 and 108.
12
What is the highest common divisor of 1312 and 32?
32
What is the highest common factor of 12 and 112692?
12
Calculate the greatest common divisor of 4 and 12.
4
What is the highest common divisor of 9 and 1035?
9
What is the highest common factor of 256 and 44?
4
Calculate the highest common factor of 513 and 27.
27
What is the greatest common factor of 2166 and 1368?
114
What is the highest common factor of 102 and 544?
34
What is the highest common factor of 3738 and 126?
42
What is the greatest common factor of 15 and 312?
3
Calculate the highest common factor of 650 and 50.
50
What is the greatest common divisor of 3 and 807?
3
What is the highest common divisor of 394 and 2?
2
What is the greatest common divisor of 1029 and 84?
21
What is the greatest common divisor of 4614 and 6?
6
What is the highest common divisor of 28 and 3374?
14
What is the highest common divisor of 70 and 168?
14
Calculate the highest common factor of 6808 and 4.
4
Calculate the greatest common factor of 5094 and 18.
18
What is the greatest common factor of 418 and 22?
22
Calculate the highest common divisor of 29070 and 72.
18
What is the highest common factor of 492 and 12915?
123
Calculate the greatest common divisor of 82 and 1.
1
What is the greatest common factor of 34907 and 134?
67
Calculate the highest common divisor of 1020 and 60.
60
Calculate the greatest common factor of 782 and 46.
46
Calculate the highest common factor of 575 and 150.
25
Calculate the greatest common factor of 532 and 224.
28
Calculate the highest common divisor of 15 and 34035.
15
What is the greatest common divisor of 1 and 963?
1
What is the greatest common divisor of 57 and 399?
57
What is the greatest common divisor of 19 and 5035?
19
What is the greatest common factor of 11448 and 106?
106
What is the greatest common divisor of 186 and 6?
6
Calculate the greatest common divisor of 66 and 1870.
22
Calculate the greatest common divisor of 908 and 5675.
227
Calculate the highest common factor of 7740 and 18.
18
What is the greatest common factor of 7 and 2457?
7
What is the greatest common factor of 20 and 32?
4
What is the highest common divisor of 16 and 108?
4
What is the greatest common factor of 385 and 616?
77
Calculate the greatest common factor of 49 and 9.
1
Calculate the greatest common factor of 3364 and 145.
29
Calculate the greatest common divisor of 40 and 440.
40
What is the highest common factor of 46 and 391?
23
What is the highest common factor of 16 and 2312?
8
What is the greatest common divisor of 76 and 128?
4
Calculate the highest common factor of 36 and 11214.
18
Calculate the highest common factor of 2 and 886.
2
What is the greatest common factor of 1 and 5?
1
What is the greatest common divisor of 35037 and 153?
153
What is the greatest common divisor of 41 and 41?
41
What is the highest common factor of 35 and 31780?
35
Calculate the greatest common factor of 125 and 800.
25
Calculate the highest common divisor of 136 and 2788.
68
What is the greatest common factor of 230 and 1196?
46
What is the highest common factor of 11 and 11?
11
What is the highest common factor of 59 and 59?
59
Calculate the highest common factor of 84 and 2373.
21
Calculate the highest common divisor of 43 and 473.
43
Calculate the greatest common factor of 10 and 640.
10
Calculate the greatest common factor of 174 and 435.
87
Calculate the highest common divisor of 124 and 775.
31
Calculate the greatest common factor of 37 and 703.
37
Calculate the greatest common factor of 3280 and 240.
80
What is the greatest common factor of 2501 and 533?
41
Calculate the greatest common factor of 576 and 30.
6
What is the greatest common divisor of 64 and 672?
32
Calculate the greatest common divisor of 232 and 344.
8
Calculate the highest common divisor of 31 and 93.
31
What is the highest common divisor of 322 and 46?
46
Calculate the greatest common factor of 20 and 2180.
20
What is the greatest common divisor of 410 and 10?
10
Calculate the highest common divisor of 2860 and 52.
52
What is the highest common factor of 2701 and 37?
37
Calculate the highest common factor of 46 and 7107.
23
What is the highest common factor of 5037 and 414?
69
What is the highest common divisor of 19 and 19?
19
What is the greatest common factor of 14791 and 14?
7
Calculate the highest common factor of 60 and 2724.
12
What is the highest common factor of 3 and 811?
1
What is the highest common factor of 1092 and 336?
84
Calculate the greatest common divisor of 6161 and 61.
61
What is the highest common factor of 63 and 63?
63
What is the highest common factor of 18 and 162?
18
What is the highest common divisor of 185 and 10?
5
Calculate the highest common divisor of 385 and 1575.
35
What is the greatest common factor of 22 and 231?
11
Calculate the highest common factor of 243 and 9.
9
What is the greatest common divisor of 27 and 111?
3
Calculate the greatest common divisor of 60 and 864.
12
Calculate the grea